?
8
Suppose 2*z - 5925 = 27*z. Let k = 268 + z. Let c(w) = w**2 - w + 1. Let h be c(6). Calculate the highest common factor of h and k.
31
Let y(j) = 4*j**2 + 23*j + 20. Let o be y(-6). Calculate the highest common factor of 117 and o.
13
Suppose 1342 - 502 = 6*l. Suppose -5*w - 4*s = -l, -4*w - 30 = 5*s - 142. Calculate the greatest common divisor of 28 and w.
28
Let w(l) = -l**2 + 8*l - 6. Let b = 19 + -16. Let i be w(b). What is the greatest common factor of i and 9?
9
Let n = 252 + -239. Calculate the highest common factor of n and 65.
13
Let s = 19900 - 19764. Let y be 1 - ((-4)/2 - 31). What is the highest common factor of s and y?
34
Let u(t) = 3*t**2 - 43*t + 18. Let a be u(17). Let l be (-322)/(-4)*88/a. What is the greatest common factor of 23 and l?
23
Suppose -7*s - 25 = -2*s. Let t be (3 + -2)*61 + (-9 - -3). Let m = t + s. Calculate the greatest common divisor of m and 75.
25
Let d(l) = 3*l + 4*l**2 + 2*l**2 - 4*l**2 - 9. Let y be d(6). Let k = 8575 + -8566. What is the greatest common factor of y and k?
9
Let c = 1219 + -1204. What is the highest common divisor of 225 and c?
15
Let z be (-1)/(-3) + 238/6. Let h be (-306)/(-30) + 23/(-115). Calculate the greatest common factor of z and h.
10
Let o be 8/12 - 26/3. Let z be (o/(-16))/(3/42). What is the highest common factor of 63 and z?
7
Let g(d) = -d**3 - 12*d**2 + 10*d - 36. Let v be g(-13). Suppose -2*a - w = -184, 4*w + 362 = 4*a + v*w. What is the highest common divisor of a and 13?
13
Let b = 790 - 782. Calculate the highest common factor of b and 256.
8
Let o be (-32)/(-40)*(2 - -3). Suppose 0 = -j + 5 - 4, -i + 2*j = -o. Calculate the greatest common divisor of 12 and i.
6
Suppose 2914 = 4*z + 142. What is the greatest common factor of z and 33?
33
Let i(p) = -p**2 - 7*p - 3. Let a be i(-4). Let c(q) = -q - 1. Let k be c(-1). Let d = k - -9. What is the highest common divisor of a and d?
9
Let h be (-1498)/(-126) + 1/9. Let m be h/20 + (-307)/(-5). What is the highest common divisor of 155 and m?
31
Let w(s) = 8*s. Let n be w(1). Suppose -4*v + 45 + 47 = 0. Let o be 4*v + -9 + 5. Calculate the greatest common factor of o and n.
8
Suppose -5*u - 32 = -107. Let p be 2*u + (-2 - -3). Suppose -2*i + 3*f = -301, -5*i - 7*f + 12*f = -760. Calculate the highest common divisor of p and i.
31
Suppose -253*w - 3*g = -257*w + 460, -5*w + 575 = 2*g. Suppose 5*u = -0*u + 230. Calculate the highest common divisor of u and w.
23
Let c be (-28)/(-13) - 12/78. Let h be (-1)/(4*c/32). Let r be (-74)/(-4)*(6 + h). What is the highest common divisor of r and 407?
37
Suppose 4*w - 4*r - 16 + 4 = 0, 4*r = 0. Let k be (-10)/(-20) + 91/2. Let n = k + w. Calculate the greatest common divisor of n and 7.
7
Suppose 0 = -14*y + 71 + 181. Let c = 21 + -15. What is the greatest common divisor of y and c?
6
Let q(j) = j**2 - 2*j + 2. Suppose -2*n - 2*x - 6 = 0, -4*n + x + 0*x = 12. Let l be q(n). What is the highest common factor of l and 1?
1
Let h(u) = 6*u**2 + 3*u + 4. Let o be h(3). Let a = o + -49. What is the greatest common divisor of a and 45?
9
Suppose 189 = 2*j + 5*b, -b + 3 = 6. Calculate the greatest common divisor of j and 170.
34
Suppose 54 = -3*y + 5*m + 278, -2*y - 4*m = -164. Let b be y/10 + (-10)/(-50). What is the highest common factor of b and 2?
2
Suppose 6*j = 3*j + 384. Calculate the greatest common divisor of 8 and j.
8
Let b = -14 + 21. Let q(l) = l**3 - 5*l**2 - 5*l - 1. Let y be q(8). Let n = y - 74. What is the greatest common factor of b and n?
7
Let m(f) = f**3 - 24*f**2 - 35*f + 20. Let y be m(26). Suppose 0 = x + 2*q - 32, -3*q = x - 34 + 7. What is the highest common factor of y and x?
42
Let j(p) = p**3 + 18*p**2 + 16*p + 1. Let b be j(-17). Let w = -44 + 46. What is the greatest common divisor of w and b?
2
Let a be -2*(-3 - -12 - 1). Let w = 6 - a. Let l be 7/(98/20)*77. What is the highest common factor of w and l?
22
Let f(h) = 111*h - 705. Let s be f(15). Calculate the greatest common divisor of 90 and s.
30
Suppose 5*f - 113 = -3. Let s = 298 + -276. Calculate the highest common factor of f and s.
22
Let b(r) = -r**2 + 4*r + 23. Let n be b(8). Let p(y) = -2*y - 2. Let x be p(n). Let w be (-3)/((-2)/((-4)/(-3))). What is the greatest common factor of w and x?
2
Let w = 136 - -183. Calculate the highest common factor of w and 22.
11
Let m(d) = 2*d - 15. Let q be m(6). Let u be 4 + q/3 + 2. Let z be (-1)/(-1*u/190). What is the highest common divisor of 57 and z?
19
Suppose u = -0*u + 3*n - 10, 4*u = -5*n + 28. Suppose -24 = -u*t + 4*k, 2*t - k - 3 = 30. Calculate the greatest common divisor of 234 and t.
18
Let t = 47 + -11. Let z be (-4)/(-6)*6*1. Suppose 4*h + 70 = o, 0 = z*o - 6*h + 2*h - 340. Calculate the greatest common divisor of t and o.
18
Let p(q) = -6*q - 272. Let x be p(-52). Calculate the greatest common factor of 24 and x.
8
Let u = -28 + 80. Calculate the greatest common divisor of 4 and u.
4
Suppose -t - 5 = 4*o - 0*t, -5*t = 2*o - 11. Let h be (0 + 2 - o)*3. Suppose 31*w - 26*w = 540. What is the highest common factor of w and h?
12
Suppose 4*v - 5*s - 119 = 0, -4*v - 4*s + 42 = -122. Calculate the highest common factor of 1044 and v.
36
Let h(s) = 20*s**2 - 7*s - 18. Let o be h(-2). Calculate the highest common factor of 57 and o.
19
Let m(p) = 3*p + 23. Let o be m(13). Suppose 6*w - o - 70 = 0. What is the highest common divisor of w and 154?
22
Suppose -4*d = -63 + 23. Suppose 0 = -d*o + 7*o + 504. Calculate the greatest common factor of 24 and o.
24
Let o = -280 + 291. Let a be (-6)/12 - (-531)/6. Calculate the greatest common factor of o and a.
11
Suppose 4*r = -3*v + 21, r - 7 = -r - 5*v. Let w be 26/(-91) - 46/(-14). Calculate the highest common divisor of w and r.
3
Suppose 560 = 36*m - m. What is the greatest common factor of m and 28?
4
Let s = -256 - -386. Let a = 2356 + -2304. Calculate the highest common divisor of a and s.
26
Let b(l) = -8*l + 8. Let r be b(1). Let s = 36 + r. Calculate the greatest common factor of 180 and s.
36
Let y(w) = -9*w - 18. Let r be y(-12). What is the highest common divisor of r and 18?
18
Let l be (-6)/51 + (-5012)/(-119) + 0. Calculate the greatest common divisor of l and 189.
21
Suppose -19 = 12*r - 91. What is the greatest common factor of r and 177?
3
Let w be (-8)/(((-4)/(-4))/(-1)). Let k be (-6)/w + 172/16. What is the greatest common divisor of 90 and k?
10
Let u(q) = -18*q**2 + 5*q - 4. Let y be u(2). Let x = 146 + y. Let k = -35 - -51. What is the greatest common factor of x and k?
16
Let p = 13857 + -13682. Let g(w) = -7*w. Let f be g(-5). What is the highest common divisor of p and f?
35
Let z be ((-6)/9)/((-2)/(-12)). Let b(r) = 27*r + 2 - 66*r + 9*r**2 + 38*r. Let u be b(z). What is the highest common factor of 30 and u?
30
Suppose 8*s - 4*s = -3*p - 10, -8 = 2*s. Let i(q) = -q**2 - 8*q + 6 + 9*q**p + 7 + q**3. Let u be i(-9). What is the greatest common divisor of 4 and u?
4
Let s be (-221)/26*(-2)/1*20. Calculate the highest common divisor of s and 60.
20
Let z = 2049 - 354. Calculate the greatest common factor of z and 5.
5
Let v = -7 + 27. Let q be (-632)/(-395)*(0 + 25). What is the highest common factor of q and v?
20
Suppose -4 = 6*g - 148. What is the greatest common divisor of 60 and g?
12
Let y = 194 - 146. Calculate the highest common factor of 96 and y.
48
Suppose 0 = 5*f + 3*s + 6, 3*f + 0*s + 6 = -3*s. Suppose f = -2*m + 3*g + 81, -4*g + 0*g = -4*m + 164. What is the greatest common factor of 6 and m?
6
Let c(l) = l**2 + 11*l + 87. Let a be c(-8). Calculate the highest common factor of 1 and a.
1
Suppose -2*m + o = -12, 0 = -o + 2*o + 2. Let p(q) = -6*q**3 - 1. Let n be p(-1). Calculate the highest common divisor of m and n.
5
Let d(s) = -s**3 - 54*s**2 - 53*s + 70. Let l be d(-53). Calculate the greatest common divisor of l and 4.
2
Suppose -4*g + 2*z = 40, 2*g - z = -5*z - 30. Let o = 3 - g. Let k = -74 - -116. What is the highest common divisor of k and o?
14
Let d be -5 - (-120 - (5 - 12)). What is the highest common divisor of 24 and d?
12
Let m be (490/(-21))/5*18/(-7). What is the highest common divisor of m and 246?
6
Suppose -24 = -6*f + 522. Calculate the greatest common divisor of f and 28.
7
Let k(w) = -5*w**2 + 3*w - 3. Let i be k(4). Let z = i + 192. What is 